NOAA-Style Climate Reports
Select a Year or Month report
2024: Jan Feb Mar Apr May Jun Jul Aug Sep Oct Nov Dec
2023: Jan Feb Mar Apr May Jun Jul Aug Sep Oct Nov Dec
2022: Jan Feb Mar Apr May Jun Jul Aug Sep Oct Nov Dec
2021: Jan Feb Mar Apr May Jun Jul Aug Sep Oct Nov Dec
2020: Jan Feb Mar Apr May Jun Jul Aug Sep Oct Nov Dec
2019: Jan Feb Mar Apr May Jun Jul Aug Sep Oct Nov Dec
2018: Jan Feb Mar Apr May Jun Jul Aug Sep Oct Nov Dec
2017: Jan Feb Mar Apr May Jun Jul Aug Sep Oct Nov Dec
2016: Jan Feb Mar Apr May Jun Jul Aug Sep Oct Nov Dec
2015: Jan Feb Mar Apr May Jun Jul Aug Sep Oct Nov Dec
2014: Jan Feb Mar Apr May Jun Jul Aug Sep Oct Nov Dec
2013: Jan Feb Mar Apr May Jun Jul Aug Sep Oct Nov Dec
2012: Jan Feb Mar Apr May Jun Jul Aug Sep Oct Nov Dec
2024: Jan Feb Mar Apr May Jun Jul Aug Sep Oct Nov Dec
2023: Jan Feb Mar Apr May Jun Jul Aug Sep Oct Nov Dec
2022: Jan Feb Mar Apr May Jun Jul Aug Sep Oct Nov Dec
2021: Jan Feb Mar Apr May Jun Jul Aug Sep Oct Nov Dec
2020: Jan Feb Mar Apr May Jun Jul Aug Sep Oct Nov Dec
2019: Jan Feb Mar Apr May Jun Jul Aug Sep Oct Nov Dec
2018: Jan Feb Mar Apr May Jun Jul Aug Sep Oct Nov Dec
2017: Jan Feb Mar Apr May Jun Jul Aug Sep Oct Nov Dec
2016: Jan Feb Mar Apr May Jun Jul Aug Sep Oct Nov Dec
2015: Jan Feb Mar Apr May Jun Jul Aug Sep Oct Nov Dec
2014: Jan Feb Mar Apr May Jun Jul Aug Sep Oct Nov Dec
2013: Jan Feb Mar Apr May Jun Jul Aug Sep Oct Nov Dec
2012: Jan Feb Mar Apr May Jun Jul Aug Sep Oct Nov Dec
Report for 2020 August
Monthly Climatological Summary for Aug 2020 Name: Fordingbridge Weather City: Fordingbridge State: Hampshire Elevation: 31 m Lat: N 50° 55' 53" Lon: W 001° 47' 21" Temperature (°C), Rain (mm), Wind Speed (mph) Heat Cool Avg Mean Deg Deg Wind Dom Day Temp High Time Low Time Days Days Rain Speed High Time Dir ---------------------------------------------------------------------------------- 1 18.3 23.6 14:46 12.9 05:32 0.3 3.1 0.0 2.9 17.1 14:01 W 2 16.1 22.5 13:26 10.7 03:31 1.3 1.9 1.2 2.8 17.1 15:00 WSW 3 16.3 22.9 14:47 9.9 05:43 1.4 2.2 0.0 2.7 18.2 14:47 NW 4 15.5 20.9 15:57 7.1 05:42 2.0 2.0 0.0 3.6 22.8 18:34 SW 5 18.8 22.8 16:09 16.3 00:47 0.0 3.3 0.0 5.9 26.2 16:12 SW 6 21.0 27.7 17:21 15.9 23:50 0.0 5.5 0.6 3.1 20.5 12:50 S 7 22.3 34.1 13:30 12.2 06:05 0.6 7.4 0.0 1.4 13.7 13:30 SSE 8 24.4 32.3 17:20 18.2 05:16 0.0 8.9 0.0 3.9 14.8 08:54 NNE 9 23.1 31.3 16:52 16.2 05:32 0.0 7.6 0.0 4.6 14.8 07:46 N 10 23.5 30.7 14:22 18.5 06:09 0.0 8.0 0.0 3.3 16.0 12:05 NE 11 25.2 33.9 14:22 16.7 06:35 0.0 9.7 0.0 1.7 13.7 13:33 S 12 25.6 34.5 14:30 17.3 06:10 0.0 10.1 0.0 2.4 13.7 11:54 SSE 13 21.6 28.0 12:08 18.9 23:53 0.0 6.1 7.8 1.5 12.5 12:50 NNE 14 18.8 19.8 14:15 17.6 06:55 0.0 3.3 0.0 2.4 10.3 05:57 N 15 18.1 18.7 14:58 17.6 08:53 0.0 2.6 1.2 1.5 9.1 14:14 NNE 16 18.4 22.0 18:11 14.9 23:26 0.0 2.9 2.6 0.9 9.1 09:50 SSE 17 18.2 23.9 14:46 14.7 04:36 0.2 2.9 0.2 2.9 18.2 14:48 SW 18 18.5 23.6 18:05 14.1 05:56 0.2 3.2 3.0 3.3 20.5 17:21 SW 19 18.1 19.7 18:11 14.9 03:44 0.0 2.6 37.2 4.7 26.2 23:56 SSE 20 19.0 23.1 18:05 12.8 06:22 0.2 3.6 0.0 5.3 25.1 00:05 SSW 21 18.7 20.7 15:20 16.1 22:58 0.0 3.2 1.6 11.3 36.5 07:02 SW 22 17.7 21.3 14:19 15.3 23:44 0.0 2.2 1.0 7.1 30.8 13:30 SW 23 16.8 20.3 13:38 14.8 02:09 0.1 1.4 0.4 4.5 22.8 16:06 WSW 24 17.0 22.7 14:50 13.1 05:41 0.5 2.0 3.0 3.8 22.8 15:09 SW 25 17.6 21.6 14:44 15.4 06:08 0.0 2.1 22.2 10.4 39.9 11:55 SW 26 17.5 22.4 14:05 11.8 23:42 0.3 2.3 0.0 6.0 26.2 00:10 W 27 14.2 17.6 09:03 10.5 06:11 1.7 0.4 24.0 2.3 23.9 17:02 SE 28 14.3 19.4 12:28 11.4 02:10 1.6 0.5 3.8 3.0 19.4 23:24 NW 29 13.4 17.7 15:35 10.3 04:48 2.3 0.3 0.4 7.2 21.7 12:30 N 30 14.1 18.7 17:09 9.8 23:59 2.1 0.7 0.0 4.7 19.4 09:43 N 31 13.3 19.0 14:12 8.6 01:19 2.9 0.7 0.0 1.2 10.3 12:01 SE ---------------------------------------------------------------------------------- 18.6 34.5 12 7.1 4 17.7 112.7 110.2 3.9 39.9 25 WSW Max >= 27.0: 8 Max <= 0.0: 0 Min <= 0.0: 0 Min <= -18.0: 0 Max Rain: 37.2 on day 19 Days of Rain: 16 (>= 0.2 mm) 8 (>= 2.0 mm) 3 (>= 20.0 mm) Heat Base: 15.5 Cool Base: 15.5 Method: Integration