NOAA-Style Climate Reports
Select a Year or Month report
2024: Jan Feb Mar Apr May Jun Jul Aug Sep Oct Nov Dec
2023: Jan Feb Mar Apr May Jun Jul Aug Sep Oct Nov Dec
2022: Jan Feb Mar Apr May Jun Jul Aug Sep Oct Nov Dec
2021: Jan Feb Mar Apr May Jun Jul Aug Sep Oct Nov Dec
2020: Jan Feb Mar Apr May Jun Jul Aug Sep Oct Nov Dec
2019: Jan Feb Mar Apr May Jun Jul Aug Sep Oct Nov Dec
2018: Jan Feb Mar Apr May Jun Jul Aug Sep Oct Nov Dec
2017: Jan Feb Mar Apr May Jun Jul Aug Sep Oct Nov Dec
2016: Jan Feb Mar Apr May Jun Jul Aug Sep Oct Nov Dec
2015: Jan Feb Mar Apr May Jun Jul Aug Sep Oct Nov Dec
2014: Jan Feb Mar Apr May Jun Jul Aug Sep Oct Nov Dec
2013: Jan Feb Mar Apr May Jun Jul Aug Sep Oct Nov Dec
2012: Jan Feb Mar Apr May Jun Jul Aug Sep Oct Nov Dec
2024: Jan Feb Mar Apr May Jun Jul Aug Sep Oct Nov Dec
2023: Jan Feb Mar Apr May Jun Jul Aug Sep Oct Nov Dec
2022: Jan Feb Mar Apr May Jun Jul Aug Sep Oct Nov Dec
2021: Jan Feb Mar Apr May Jun Jul Aug Sep Oct Nov Dec
2020: Jan Feb Mar Apr May Jun Jul Aug Sep Oct Nov Dec
2019: Jan Feb Mar Apr May Jun Jul Aug Sep Oct Nov Dec
2018: Jan Feb Mar Apr May Jun Jul Aug Sep Oct Nov Dec
2017: Jan Feb Mar Apr May Jun Jul Aug Sep Oct Nov Dec
2016: Jan Feb Mar Apr May Jun Jul Aug Sep Oct Nov Dec
2015: Jan Feb Mar Apr May Jun Jul Aug Sep Oct Nov Dec
2014: Jan Feb Mar Apr May Jun Jul Aug Sep Oct Nov Dec
2013: Jan Feb Mar Apr May Jun Jul Aug Sep Oct Nov Dec
2012: Jan Feb Mar Apr May Jun Jul Aug Sep Oct Nov Dec
Report for 2020 July
Monthly Climatological Summary for Jul 2020 Name: Fordingbridge Weather City: Fordingbridge State: Hampshire Elevation: 31 m Lat: N 50° 55' 53" Lon: W 001° 47' 21" Temperature (°C), Rain (mm), Wind Speed (mph) Heat Cool Avg Mean Deg Deg Wind Dom Day Temp High Time Low Time Days Days Rain Speed High Time Dir ---------------------------------------------------------------------------------- 1 16.8 20.7 14:38 12.7 23:58 0.5 1.8 0.0 4.8 20.5 09:09 WSW 2 15.9 21.3 15:18 10.0 05:15 1.5 1.9 0.0 4.2 20.5 14:15 W 3 14.6 19.3 14:24 8.9 04:52 1.8 0.9 1.2 6.4 30.8 14:59 SW 4 17.0 19.3 12:40 14.8 00:00 0.1 1.6 0.6 8.3 27.4 16:05 SW 5 16.9 20.3 13:38 12.2 23:58 0.3 1.7 0.0 8.6 28.5 15:44 WSW 6 15.7 20.2 16:43 11.8 02:07 1.2 1.4 0.0 5.3 22.8 09:24 W 7 15.6 21.3 14:10 8.9 04:30 1.7 1.8 0.0 3.9 23.9 17:24 SW 8 17.6 21.1 13:52 14.9 04:57 0.1 2.2 0.2 4.2 14.8 18:52 WSW 9 16.7 20.4 12:02 14.8 23:55 0.1 1.3 1.6 5.5 18.2 03:16 SW 10 15.7 19.8 16:58 10.4 23:58 0.9 1.1 0.0 4.1 18.2 10:34 NW 11 15.2 22.8 16:41 6.2 04:56 2.6 2.3 0.0 1.9 16.0 14:36 NNW 12 17.0 25.4 15:14 7.6 04:44 2.3 3.7 0.0 2.2 17.1 14:27 S 13 17.3 24.2 15:06 8.9 04:00 1.4 3.2 3.8 3.5 18.2 11:29 WSW 14 17.1 21.6 14:49 13.3 23:53 0.2 1.8 0.4 2.7 19.4 16:03 WNW 15 16.1 19.9 14:14 12.9 00:20 0.7 1.3 0.0 2.8 14.8 14:23 W 16 19.2 25.7 17:23 15.2 03:43 0.0 3.7 0.0 3.0 14.8 19:46 NW 17 20.1 27.0 15:12 14.2 04:06 0.1 4.7 0.0 2.7 16.0 17:21 WNW 18 18.2 26.0 16:17 10.3 05:17 1.0 3.7 0.0 2.9 17.1 16:21 WSW 19 16.8 20.8 16:00 13.3 23:53 0.4 1.7 1.8 3.0 14.8 11:08 NNE 20 16.2 22.7 15:28 7.9 05:11 1.9 2.6 0.0 3.3 18.2 13:21 NNE 21 16.4 24.0 16:43 7.8 05:13 2.1 3.1 0.0 2.0 12.5 12:56 NNE 22 17.3 24.8 16:25 8.2 05:43 1.9 3.7 0.0 2.9 18.2 12:33 SSW 23 17.1 24.7 13:11 9.1 04:17 1.6 3.2 0.0 3.6 20.5 15:52 SW 24 18.9 24.3 16:21 14.8 02:42 0.1 3.5 1.6 3.9 19.4 16:42 SW 25 17.1 20.4 10:50 12.8 23:28 0.2 1.8 13.4 5.0 22.8 10:31 SW 26 16.5 21.6 16:02 10.9 05:42 1.0 2.1 0.2 4.8 25.1 13:49 SW 27 16.9 20.7 16:41 14.4 23:57 0.0 1.4 4.6 6.4 30.8 12:19 SW 28 15.8 20.7 15:10 10.6 04:45 1.3 1.6 0.0 5.0 22.8 15:03 W 29 16.0 23.0 15:50 7.1 05:37 2.1 2.6 0.0 2.1 17.1 14:30 SSW 30 19.4 28.7 17:34 9.8 05:28 1.1 5.0 0.0 1.9 14.8 16:27 S 31 22.5 30.9 11:27 13.4 01:14 0.1 7.2 0.0 3.3 18.2 17:01 SSW ---------------------------------------------------------------------------------- 17.1 30.9 31 6.2 11 30.3 79.6 29.4 4.0 30.8 3 WSW Max >= 27.0: 3 Max <= 0.0: 0 Min <= 0.0: 0 Min <= -18.0: 0 Max Rain: 13.4 on day 25 Days of Rain: 11 (>= 0.2 mm) 3 (>= 2.0 mm) 0 (>= 20.0 mm) Heat Base: 15.5 Cool Base: 15.5 Method: Integration