NOAA-Style Climate Reports
Select a Year or Month report
2024: Jan Feb Mar Apr May Jun Jul Aug Sep Oct Nov Dec
2023: Jan Feb Mar Apr May Jun Jul Aug Sep Oct Nov Dec
2022: Jan Feb Mar Apr May Jun Jul Aug Sep Oct Nov Dec
2021: Jan Feb Mar Apr May Jun Jul Aug Sep Oct Nov Dec
2020: Jan Feb Mar Apr May Jun Jul Aug Sep Oct Nov Dec
2019: Jan Feb Mar Apr May Jun Jul Aug Sep Oct Nov Dec
2018: Jan Feb Mar Apr May Jun Jul Aug Sep Oct Nov Dec
2017: Jan Feb Mar Apr May Jun Jul Aug Sep Oct Nov Dec
2016: Jan Feb Mar Apr May Jun Jul Aug Sep Oct Nov Dec
2015: Jan Feb Mar Apr May Jun Jul Aug Sep Oct Nov Dec
2014: Jan Feb Mar Apr May Jun Jul Aug Sep Oct Nov Dec
2013: Jan Feb Mar Apr May Jun Jul Aug Sep Oct Nov Dec
2012: Jan Feb Mar Apr May Jun Jul Aug Sep Oct Nov Dec
2024: Jan Feb Mar Apr May Jun Jul Aug Sep Oct Nov Dec
2023: Jan Feb Mar Apr May Jun Jul Aug Sep Oct Nov Dec
2022: Jan Feb Mar Apr May Jun Jul Aug Sep Oct Nov Dec
2021: Jan Feb Mar Apr May Jun Jul Aug Sep Oct Nov Dec
2020: Jan Feb Mar Apr May Jun Jul Aug Sep Oct Nov Dec
2019: Jan Feb Mar Apr May Jun Jul Aug Sep Oct Nov Dec
2018: Jan Feb Mar Apr May Jun Jul Aug Sep Oct Nov Dec
2017: Jan Feb Mar Apr May Jun Jul Aug Sep Oct Nov Dec
2016: Jan Feb Mar Apr May Jun Jul Aug Sep Oct Nov Dec
2015: Jan Feb Mar Apr May Jun Jul Aug Sep Oct Nov Dec
2014: Jan Feb Mar Apr May Jun Jul Aug Sep Oct Nov Dec
2013: Jan Feb Mar Apr May Jun Jul Aug Sep Oct Nov Dec
2012: Jan Feb Mar Apr May Jun Jul Aug Sep Oct Nov Dec
Report for 2020 February
Monthly Climatological Summary for Feb 2020 Name: Fordingbridge Weather City: Fordingbridge State: Hampshire Elevation: 31 m Lat: N 50° 55' 53" Lon: W 001° 47' 21" Temperature (°C), Rain (mm), Wind Speed (mph) Heat Cool Avg Mean Deg Deg Wind Dom Day Temp High Time Low Time Days Days Rain Speed High Time Dir ---------------------------------------------------------------------------------- 1 9.3 11.7 13:21 4.7 22:44 6.2 0.0 0.0 5.7 29.6 16:04 WSW 2 11.0 13.4 12:45 5.4 00:00 4.5 0.0 8.2 6.2 25.1 05:51 WSW 3 8.6 11.2 11:11 4.9 23:52 6.9 0.0 0.6 4.6 19.4 11:17 W 4 7.0 9.2 12:26 3.8 23:58 8.5 0.0 0.0 6.2 27.4 05:40 WNW 5 5.7 10.4 12:39 0.4 23:07 9.8 0.0 0.0 0.7 11.4 13:26 WSW 6 2.6 9.3 14:22 -0.9 07:12 12.9 0.0 0.2 1.3 12.5 12:53 ENE 7 5.5 10.9 23:45 -1.0 01:46 10.0 0.0 0.2 3.5 21.7 23:43 SSE 8 9.0 11.2 14:08 6.6 07:17 6.5 0.0 1.6 5.6 31.9 23:35 SSW 9 10.5 12.2 13:48 8.8 00:24 5.0 0.0 18.2 14.2 50.2 14:08 SW 10 6.9 9.9 12:23 4.8 18:23 8.6 0.0 4.8 10.6 46.7 17:35 WSW 11 5.0 7.8 14:16 3.2 07:50 10.5 0.0 0.2 8.0 38.8 13:18 WSW 12 5.6 8.9 14:13 2.4 02:44 9.9 0.0 0.8 4.3 22.8 23:41 SW 13 7.3 10.6 14:05 4.8 06:44 8.2 0.0 18.8 6.4 34.2 03:19 WSW 14 7.3 11.1 11:40 0.5 06:57 8.2 0.0 8.0 4.9 33.1 11:43 SSW 15 11.3 12.1 19:47 10.7 14:00 4.1 0.0 23.0 11.6 42.2 15:13 SSW 16 8.8 12.6 05:55 4.8 20:11 6.7 0.0 26.4 10.7 47.9 06:00 SW 17 7.2 10.1 11:58 3.9 07:53 8.3 0.0 1.6 7.3 34.2 05:59 WSW 18 6.5 10.3 12:46 3.9 06:18 9.0 0.0 3.6 6.0 31.9 17:41 WSW 19 7.0 10.2 15:23 2.6 05:48 8.5 0.0 0.2 5.3 27.4 23:42 SW 20 7.6 10.4 12:15 3.1 21:20 7.9 0.0 4.2 8.9 36.5 13:34 WSW 21 7.4 10.4 12:34 1.5 01:32 8.1 0.0 0.0 7.2 33.1 20:15 SW 22 10.7 13.5 12:45 8.9 18:28 4.8 0.0 1.0 9.4 39.9 02:50 WSW 23 10.7 14.7 11:54 7.1 23:51 4.8 0.0 2.6 7.9 42.2 05:31 WSW 24 9.7 11.3 16:22 6.7 01:22 5.8 0.0 4.2 8.2 41.0 09:08 WSW 25 5.2 8.2 12:53 2.3 21:56 10.3 0.0 4.0 6.1 28.5 18:46 W 26 4.6 8.4 14:52 1.0 03:24 10.9 0.0 0.2 6.3 28.5 08:06 W 27 4.6 9.2 15:55 0.2 23:29 10.9 0.0 9.8 4.7 28.5 15:08 NNW 28 7.1 11.7 14:30 -0.1 00:33 8.4 0.0 9.4 7.4 34.2 23:41 SSW 29 7.0 10.7 00:00 3.1 14:52 8.5 0.0 7.0 9.8 37.6 03:07 SW ---------------------------------------------------------------------------------- 7.5 14.7 23 -1.0 7 232.7 0.0 158.8 6.9 50.2 9 WSW Max >= 27.0: 0 Max <= 0.0: 0 Min <= 0.0: 3 Min <= -18.0: 0 Max Rain: 26.4 on day 16 Days of Rain: 25 (>= 0.2 mm) 15 (>= 2.0 mm) 2 (>= 20.0 mm) Heat Base: 15.5 Cool Base: 15.5 Method: Integration