NOAA-Style Climate Reports
Select a Year or Month report
2024: Jan Feb Mar Apr May Jun Jul Aug Sep Oct Nov Dec
2023: Jan Feb Mar Apr May Jun Jul Aug Sep Oct Nov Dec
2022: Jan Feb Mar Apr May Jun Jul Aug Sep Oct Nov Dec
2021: Jan Feb Mar Apr May Jun Jul Aug Sep Oct Nov Dec
2020: Jan Feb Mar Apr May Jun Jul Aug Sep Oct Nov Dec
2019: Jan Feb Mar Apr May Jun Jul Aug Sep Oct Nov Dec
2018: Jan Feb Mar Apr May Jun Jul Aug Sep Oct Nov Dec
2017: Jan Feb Mar Apr May Jun Jul Aug Sep Oct Nov Dec
2016: Jan Feb Mar Apr May Jun Jul Aug Sep Oct Nov Dec
2015: Jan Feb Mar Apr May Jun Jul Aug Sep Oct Nov Dec
2014: Jan Feb Mar Apr May Jun Jul Aug Sep Oct Nov Dec
2013: Jan Feb Mar Apr May Jun Jul Aug Sep Oct Nov Dec
2012: Jan Feb Mar Apr May Jun Jul Aug Sep Oct Nov Dec
2024: Jan Feb Mar Apr May Jun Jul Aug Sep Oct Nov Dec
2023: Jan Feb Mar Apr May Jun Jul Aug Sep Oct Nov Dec
2022: Jan Feb Mar Apr May Jun Jul Aug Sep Oct Nov Dec
2021: Jan Feb Mar Apr May Jun Jul Aug Sep Oct Nov Dec
2020: Jan Feb Mar Apr May Jun Jul Aug Sep Oct Nov Dec
2019: Jan Feb Mar Apr May Jun Jul Aug Sep Oct Nov Dec
2018: Jan Feb Mar Apr May Jun Jul Aug Sep Oct Nov Dec
2017: Jan Feb Mar Apr May Jun Jul Aug Sep Oct Nov Dec
2016: Jan Feb Mar Apr May Jun Jul Aug Sep Oct Nov Dec
2015: Jan Feb Mar Apr May Jun Jul Aug Sep Oct Nov Dec
2014: Jan Feb Mar Apr May Jun Jul Aug Sep Oct Nov Dec
2013: Jan Feb Mar Apr May Jun Jul Aug Sep Oct Nov Dec
2012: Jan Feb Mar Apr May Jun Jul Aug Sep Oct Nov Dec
Report for 2019 June
Monthly Climatological Summary for Jun 2019 Name: Fordingbridge Weather City: Fordingbridge State: Hampshire Elevation: 31 m Lat: N 50° 55' 53" Lon: W 001° 47' 21" Temperature (°C), Rain (mm), Wind Speed (mph) Heat Cool Avg Mean Deg Deg Wind Dom Day Temp High Time Low Time Days Days Rain Speed High Time Dir ---------------------------------------------------------------------------------- 1 16.9 24.6 14:11 7.7 04:52 2.0 3.4 0.0 2.2 13.7 15:50 SSW 2 15.5 21.4 12:27 11.1 23:53 1.2 1.2 0.0 3.2 21.7 15:24 SW 3 13.9 19.8 14:52 7.2 05:18 2.7 1.0 0.0 3.7 21.7 16:21 SW 4 14.6 20.4 12:04 9.9 02:48 1.9 1.0 0.2 3.1 21.7 12:05 SSE 5 13.9 18.1 14:05 8.6 05:27 2.2 0.6 0.0 3.3 19.4 15:05 SW 6 13.3 18.7 16:27 5.7 04:43 3.0 0.8 0.4 3.3 25.1 12:15 SSW 7 12.6 19.6 14:46 10.3 04:21 3.1 0.2 22.8 4.0 23.9 16:07 E 8 12.9 16.9 13:57 9.5 23:57 2.7 0.1 13.2 6.2 29.6 03:01 WSW 9 12.3 18.7 17:07 5.5 05:11 3.7 0.4 6.8 1.5 13.7 17:53 SW 10 10.4 13.8 10:23 7.3 04:13 5.1 0.0 12.8 2.7 14.8 20:56 N 11 11.4 14.9 13:09 9.2 00:00 4.1 0.0 6.6 5.3 20.5 20:34 NNE 12 12.9 17.3 14:48 10.1 04:52 2.8 0.1 0.0 3.4 13.7 15:31 NNE 13 12.5 14.1 13:48 11.2 04:34 3.0 0.0 5.4 4.6 23.9 11:26 SW 14 14.3 18.2 18:15 9.5 23:51 1.7 0.6 2.2 5.0 25.1 12:23 SSW 15 13.8 18.4 15:45 9.6 00:00 2.0 0.4 1.4 4.2 23.9 14:37 SSW 16 14.3 19.2 16:30 8.4 02:15 1.9 0.7 1.6 5.0 26.2 12:49 SW 17 15.3 19.8 14:33 10.7 23:56 1.3 1.0 0.0 4.2 19.4 11:46 SW 18 14.1 17.6 13:52 9.4 02:20 1.9 0.5 2.4 1.1 9.1 10:19 NE 19 15.7 19.5 15:00 13.2 23:59 0.7 0.9 1.2 1.9 14.8 23:24 NW 20 13.2 16.6 16:18 8.2 05:14 2.3 0.1 6.0 2.4 18.2 16:55 W 21 13.9 21.3 14:53 5.7 04:41 3.0 1.5 0.0 1.9 16.0 17:11 WSW 22 15.4 23.7 17:14 5.8 04:57 2.7 2.6 0.0 2.0 14.8 13:32 S 23 17.7 23.5 12:45 11.8 05:02 1.0 3.2 0.0 2.3 17.1 15:07 NE 24 19.6 26.3 17:02 14.9 04:37 0.0 4.1 0.0 1.7 13.7 14:26 SSW 25 19.3 24.8 16:43 15.3 02:28 0.0 3.9 4.8 1.1 10.3 23:14 N 26 19.2 24.0 17:04 15.3 23:59 0.0 3.7 0.0 6.9 25.1 16:25 NE 27 19.0 26.4 16:42 13.0 04:49 0.5 4.1 0.0 7.6 27.4 14:15 NE 28 21.0 29.6 15:57 12.7 04:31 0.5 6.0 0.0 4.8 20.5 13:16 ENE 29 23.2 32.5 15:16 15.2 03:44 0.0 7.7 0.0 3.0 17.1 21:44 SSE 30 18.3 23.5 15:10 13.6 23:58 0.2 3.0 0.0 3.8 17.1 14:41 W ---------------------------------------------------------------------------------- 15.3 32.5 29 5.5 9 57.2 52.8 87.8 3.5 29.6 8 SW Max >= 27.0: 2 Max <= 0.0: 0 Min <= 0.0: 0 Min <= -18.0: 0 Max Rain: 22.8 on day 7 Days of Rain: 15 (>= 0.2 mm) 10 (>= 2.0 mm) 1 (>= 20.0 mm) Heat Base: 15.5 Cool Base: 15.5 Method: Integration