NOAA-Style Climate Reports
Select a Year or Month report
2024: Jan Feb Mar Apr May Jun Jul Aug Sep Oct Nov Dec
2023: Jan Feb Mar Apr May Jun Jul Aug Sep Oct Nov Dec
2022: Jan Feb Mar Apr May Jun Jul Aug Sep Oct Nov Dec
2021: Jan Feb Mar Apr May Jun Jul Aug Sep Oct Nov Dec
2020: Jan Feb Mar Apr May Jun Jul Aug Sep Oct Nov Dec
2019: Jan Feb Mar Apr May Jun Jul Aug Sep Oct Nov Dec
2018: Jan Feb Mar Apr May Jun Jul Aug Sep Oct Nov Dec
2017: Jan Feb Mar Apr May Jun Jul Aug Sep Oct Nov Dec
2016: Jan Feb Mar Apr May Jun Jul Aug Sep Oct Nov Dec
2015: Jan Feb Mar Apr May Jun Jul Aug Sep Oct Nov Dec
2014: Jan Feb Mar Apr May Jun Jul Aug Sep Oct Nov Dec
2013: Jan Feb Mar Apr May Jun Jul Aug Sep Oct Nov Dec
2012: Jan Feb Mar Apr May Jun Jul Aug Sep Oct Nov Dec
2024: Jan Feb Mar Apr May Jun Jul Aug Sep Oct Nov Dec
2023: Jan Feb Mar Apr May Jun Jul Aug Sep Oct Nov Dec
2022: Jan Feb Mar Apr May Jun Jul Aug Sep Oct Nov Dec
2021: Jan Feb Mar Apr May Jun Jul Aug Sep Oct Nov Dec
2020: Jan Feb Mar Apr May Jun Jul Aug Sep Oct Nov Dec
2019: Jan Feb Mar Apr May Jun Jul Aug Sep Oct Nov Dec
2018: Jan Feb Mar Apr May Jun Jul Aug Sep Oct Nov Dec
2017: Jan Feb Mar Apr May Jun Jul Aug Sep Oct Nov Dec
2016: Jan Feb Mar Apr May Jun Jul Aug Sep Oct Nov Dec
2015: Jan Feb Mar Apr May Jun Jul Aug Sep Oct Nov Dec
2014: Jan Feb Mar Apr May Jun Jul Aug Sep Oct Nov Dec
2013: Jan Feb Mar Apr May Jun Jul Aug Sep Oct Nov Dec
2012: Jan Feb Mar Apr May Jun Jul Aug Sep Oct Nov Dec
Report for 2018 July
Monthly Climatological Summary for Jul 2018 Name: Fordingbridge Weather City: Fordingbridge State: Hampshire Elevation: 31 m Lat: N 50° 55' 53" Lon: W 001° 47' 21" Temperature (°C), Rain (mm), Wind Speed (mph) Heat Cool Avg Mean Deg Deg Wind Dom Day Temp High Time Low Time Days Days Rain Speed High Time Dir ---------------------------------------------------------------------------------- 1 23.0 30.5 16:30 15.2 05:40 0.0 7.5 0.0 7.2 13.7 08:20 NNE 2 24.1 30.6 16:30 18.1 00:00 0.0 8.6 0.0 12.3 20.5 14:10 NE 3 21.2 28.9 17:20 14.8 05:10 0.0 5.7 0.0 11.6 23.9 11:50 ENE 4 18.8 24.9 15:30 13.3 04:40 0.4 3.7 0.0 6.1 13.7 16:20 SSE 5 20.9 27.8 16:20 12.6 05:30 0.4 5.8 0.0 5.1 14.8 16:40 WSW 6 22.5 30.6 17:10 14.1 04:40 0.1 7.2 0.0 5.5 12.5 10:20 NW 7 23.0 30.4 16:10 13.9 05:30 0.1 7.6 0.0 4.9 13.7 14:10 WNW 8 23.8 31.2 17:50 14.5 05:30 0.1 8.4 0.0 6.7 14.8 16:20 N 9 23.0 29.8 14:50 14.2 05:10 0.1 7.6 0.0 5.1 18.2 15:20 SW 10 20.1 25.4 16:50 14.2 00:00 0.0 4.6 0.0 9.6 17.1 11:50 NE 11 18.5 26.2 15:30 10.8 05:20 1.0 4.0 0.0 5.4 14.8 17:10 NNE 12 19.1 26.6 13:10 12.2 04:40 0.6 4.1 0.0 3.4 16.0 13:50 SSW 13 18.9 25.5 11:24 12.3 05:21 0.6 4.0 0.0 1.6 16.0 16:36 S 14 19.8 27.3 14:57 10.9 05:29 0.9 5.2 0.0 2.4 16.0 11:47 S 15 21.0 30.4 16:16 10.7 05:22 0.9 6.4 0.0 2.1 16.0 17:30 WSW 16 19.9 27.8 15:23 11.2 05:16 0.6 5.1 0.0 3.0 18.2 16:33 WSW 17 17.2 22.2 16:00 10.2 05:18 1.0 2.7 0.0 3.2 19.4 16:34 WSW 18 18.3 24.3 17:14 12.7 02:17 0.7 3.5 0.0 1.8 13.7 16:21 SW 19 19.7 28.2 13:26 10.3 04:40 1.3 5.5 0.0 1.4 12.5 13:30 S 20 19.9 26.7 16:08 14.9 05:19 0.0 4.3 0.0 2.2 14.8 17:00 E 21 20.0 26.9 14:20 13.5 05:43 0.2 4.5 0.0 1.9 14.8 17:22 SSW 22 21.8 31.0 15:46 12.8 05:44 0.4 6.7 0.0 2.7 19.4 18:20 WSW 23 22.5 29.7 15:09 14.8 05:26 0.0 7.0 0.0 3.1 19.4 14:14 SW 24 21.6 28.9 16:47 13.3 05:33 0.2 6.3 0.0 3.1 25.1 13:49 WSW 25 21.5 30.2 18:10 13.3 05:05 0.3 6.3 0.0 2.0 12.5 09:21 NNW 26 21.8 31.3 13:13 14.7 02:40 0.1 6.3 0.0 2.8 20.5 16:27 S 27 21.0 27.4 13:59 15.6 05:48 0.0 5.5 0.0 2.9 22.8 17:50 SSW 28 17.6 21.6 13:42 14.2 06:13 0.1 2.2 3.6 8.5 34.2 16:13 SW 29 17.0 18.6 14:37 15.3 05:15 0.0 1.5 25.2 8.2 31.9 08:45 SSW 30 18.5 21.3 17:12 16.6 23:31 0.0 3.0 0.0 5.0 23.9 12:27 SSW 31 18.3 23.4 14:33 14.1 23:58 0.1 2.9 0.6 4.2 19.4 17:20 SW ---------------------------------------------------------------------------------- 20.5 31.3 26 10.2 17 10.2 163.7 29.4 4.2 34.2 28 SW Max >= 27.0: 18 Max <= 0.0: 0 Min <= 0.0: 0 Min <= -18.0: 0 Max Rain: 25.2 on day 29 Days of Rain: 3 (>= 0.2 mm) 2 (>= 2.0 mm) 1 (>= 20.0 mm) Heat Base: 15.5 Cool Base: 15.5 Method: Integration