NOAA-Style Climate Reports
Select a Year or Month report
2024: Jan Feb Mar Apr May Jun Jul Aug Sep Oct Nov Dec
2023: Jan Feb Mar Apr May Jun Jul Aug Sep Oct Nov Dec
2022: Jan Feb Mar Apr May Jun Jul Aug Sep Oct Nov Dec
2021: Jan Feb Mar Apr May Jun Jul Aug Sep Oct Nov Dec
2020: Jan Feb Mar Apr May Jun Jul Aug Sep Oct Nov Dec
2019: Jan Feb Mar Apr May Jun Jul Aug Sep Oct Nov Dec
2018: Jan Feb Mar Apr May Jun Jul Aug Sep Oct Nov Dec
2017: Jan Feb Mar Apr May Jun Jul Aug Sep Oct Nov Dec
2016: Jan Feb Mar Apr May Jun Jul Aug Sep Oct Nov Dec
2015: Jan Feb Mar Apr May Jun Jul Aug Sep Oct Nov Dec
2014: Jan Feb Mar Apr May Jun Jul Aug Sep Oct Nov Dec
2013: Jan Feb Mar Apr May Jun Jul Aug Sep Oct Nov Dec
2012: Jan Feb Mar Apr May Jun Jul Aug Sep Oct Nov Dec
2024: Jan Feb Mar Apr May Jun Jul Aug Sep Oct Nov Dec
2023: Jan Feb Mar Apr May Jun Jul Aug Sep Oct Nov Dec
2022: Jan Feb Mar Apr May Jun Jul Aug Sep Oct Nov Dec
2021: Jan Feb Mar Apr May Jun Jul Aug Sep Oct Nov Dec
2020: Jan Feb Mar Apr May Jun Jul Aug Sep Oct Nov Dec
2019: Jan Feb Mar Apr May Jun Jul Aug Sep Oct Nov Dec
2018: Jan Feb Mar Apr May Jun Jul Aug Sep Oct Nov Dec
2017: Jan Feb Mar Apr May Jun Jul Aug Sep Oct Nov Dec
2016: Jan Feb Mar Apr May Jun Jul Aug Sep Oct Nov Dec
2015: Jan Feb Mar Apr May Jun Jul Aug Sep Oct Nov Dec
2014: Jan Feb Mar Apr May Jun Jul Aug Sep Oct Nov Dec
2013: Jan Feb Mar Apr May Jun Jul Aug Sep Oct Nov Dec
2012: Jan Feb Mar Apr May Jun Jul Aug Sep Oct Nov Dec
Report for 2016 August
Monthly Climatological Summary for Aug 2016 Name: Fordingbridge Weather City: Fordingbridge State: Hampshire Elevation: 31 m Lat: N 50° 55' 53" Lon: W 001° 47' 21" Temperature (°C), Rain (mm), Wind Speed (mph) Heat Cool Avg Mean Deg Deg Wind Dom Day Temp High Time Low Time Days Days Rain Speed High Time Dir ---------------------------------------------------------------------------------- 1 15.0 19.2 11:55 11.6 03:13 1.1 0.6 15.9 5.3 19.9 23:50 SSW 2 18.4 22.7 15:45 15.4 01:18 0.0 2.9 2.7 9.8 21.7 16:22 WSW 3 19.4 23.0 12:28 16.3 23:13 0.0 3.9 0.6 11.9 32.9 15:58 WSW 4 18.4 23.1 14:24 15.2 05:45 0.0 2.9 0.0 9.2 19.9 09:26 W 5 17.9 23.9 14:35 11.8 04:55 0.9 3.3 0.0 4.7 13.8 14:20 W 6 19.0 25.4 11:04 11.3 05:42 0.9 4.4 0.0 5.5 22.4 16:11 SW 7 20.5 25.6 14:23 16.2 23:58 0.0 5.0 0.0 9.6 24.2 14:12 WSW 8 17.5 22.2 16:47 13.2 23:49 0.2 2.2 0.0 9.0 19.9 08:53 WNW 9 15.7 21.7 11:35 8.2 05:51 2.0 2.2 0.0 6.8 24.2 17:19 NW 10 16.4 22.0 15:51 10.1 03:09 1.3 2.2 0.0 4.7 14.8 15:26 WNW 11 18.1 23.0 16:36 15.0 06:59 0.1 2.7 0.0 8.9 28.6 10:47 WNW 12 19.1 26.4 15:15 12.2 06:03 0.6 4.2 0.0 5.4 19.1 15:15 W 13 18.4 24.3 17:39 12.2 05:43 0.6 3.5 0.0 4.8 15.6 15:46 W 14 18.4 25.6 11:47 12.3 04:09 0.9 3.7 0.0 3.7 13.8 14:58 NNE 15 18.1 25.2 16:17 9.9 05:43 1.4 4.0 0.0 4.6 19.9 11:52 ENE 16 18.7 26.5 15:43 11.4 04:22 1.1 4.2 0.0 3.9 13.8 17:17 E 17 19.1 25.9 14:24 11.9 06:01 0.9 4.5 0.0 4.4 14.8 13:07 ESE 18 20.6 26.7 10:26 15.5 06:55 0.0 5.1 2.7 3.9 15.6 15:47 SW 19 17.4 20.5 17:47 15.5 11:03 0.0 1.9 6.0 8.4 28.6 21:06 SSW 20 17.1 20.1 15:15 15.6 07:56 0.0 1.6 3.3 16.4 32.9 06:51 SW 21 17.7 22.5 14:16 15.1 06:05 0.0 2.2 0.3 12.0 27.8 13:33 W 22 19.8 24.3 12:13 15.7 23:58 0.0 4.3 0.0 9.6 26.0 15:59 SW 23 21.3 28.6 12:30 13.2 06:20 0.4 6.2 0.0 5.1 25.2 14:46 SSE 24 22.1 30.1 15:27 16.0 04:18 0.0 6.6 0.3 4.2 14.8 17:20 N 25 21.7 25.6 11:35 17.8 04:23 0.0 6.2 1.2 2.8 9.4 13:23 NW 26 20.3 25.6 15:44 14.6 23:53 0.0 4.9 0.3 4.3 13.8 03:23 NW 27 18.8 25.2 15:23 12.9 04:32 0.5 3.8 0.0 4.3 13.0 16:02 NE 28 18.2 20.6 16:47 15.9 23:56 0.0 2.7 1.2 7.2 20.9 12:42 SW 29 18.8 24.5 16:14 13.9 23:58 0.2 3.5 0.0 4.5 13.8 11:40 NNW 30 17.9 26.6 11:07 10.1 06:05 1.5 3.9 0.0 3.7 15.6 15:40 S 31 16.2 22.4 12:51 10.8 06:35 1.5 2.2 0.0 3.7 17.3 13:42 WSW ---------------------------------------------------------------------------------- 18.6 30.1 24 8.2 9 16.1 111.5 34.5 6.5 32.9 3 WSW Max >= 27.0: 2 Max <= 0.0: 0 Min <= 0.0: 0 Min <= -18.0: 0 Max Rain: 15.9 on day 1 Days of Rain: 11 (>= 0.2 mm) 5 (>= 2.0 mm) 0 (>= 20.0 mm) Heat Base: 15.5 Cool Base: 15.5 Method: Integration