NOAA-Style Climate Reports
Select a Year or Month report
2024: Jan Feb Mar Apr May Jun Jul Aug Sep Oct Nov Dec
2023: Jan Feb Mar Apr May Jun Jul Aug Sep Oct Nov Dec
2022: Jan Feb Mar Apr May Jun Jul Aug Sep Oct Nov Dec
2021: Jan Feb Mar Apr May Jun Jul Aug Sep Oct Nov Dec
2020: Jan Feb Mar Apr May Jun Jul Aug Sep Oct Nov Dec
2019: Jan Feb Mar Apr May Jun Jul Aug Sep Oct Nov Dec
2018: Jan Feb Mar Apr May Jun Jul Aug Sep Oct Nov Dec
2017: Jan Feb Mar Apr May Jun Jul Aug Sep Oct Nov Dec
2016: Jan Feb Mar Apr May Jun Jul Aug Sep Oct Nov Dec
2015: Jan Feb Mar Apr May Jun Jul Aug Sep Oct Nov Dec
2014: Jan Feb Mar Apr May Jun Jul Aug Sep Oct Nov Dec
2013: Jan Feb Mar Apr May Jun Jul Aug Sep Oct Nov Dec
2012: Jan Feb Mar Apr May Jun Jul Aug Sep Oct Nov Dec
2024: Jan Feb Mar Apr May Jun Jul Aug Sep Oct Nov Dec
2023: Jan Feb Mar Apr May Jun Jul Aug Sep Oct Nov Dec
2022: Jan Feb Mar Apr May Jun Jul Aug Sep Oct Nov Dec
2021: Jan Feb Mar Apr May Jun Jul Aug Sep Oct Nov Dec
2020: Jan Feb Mar Apr May Jun Jul Aug Sep Oct Nov Dec
2019: Jan Feb Mar Apr May Jun Jul Aug Sep Oct Nov Dec
2018: Jan Feb Mar Apr May Jun Jul Aug Sep Oct Nov Dec
2017: Jan Feb Mar Apr May Jun Jul Aug Sep Oct Nov Dec
2016: Jan Feb Mar Apr May Jun Jul Aug Sep Oct Nov Dec
2015: Jan Feb Mar Apr May Jun Jul Aug Sep Oct Nov Dec
2014: Jan Feb Mar Apr May Jun Jul Aug Sep Oct Nov Dec
2013: Jan Feb Mar Apr May Jun Jul Aug Sep Oct Nov Dec
2012: Jan Feb Mar Apr May Jun Jul Aug Sep Oct Nov Dec
Report for 2016 June
Monthly Climatological Summary for Jun 2016 Name: Fordingbridge Weather City: Fordingbridge State: Hampshire Elevation: 31 m Lat: N 50° 55' 53" Lon: W 001° 47' 21" Temperature (°C), Rain (mm), Wind Speed (mph) Heat Cool Avg Mean Deg Deg Wind Dom Day Temp High Time Low Time Days Days Rain Speed High Time Dir ---------------------------------------------------------------------------------- 1 13.4 15.1 13:43 12.4 02:19 2.1 0.0 0.3 13.0 25.2 09:09 N 2 13.3 17.8 17:17 10.6 06:19 2.5 0.2 0.0 13.5 25.2 11:20 NNE 3 12.5 17.0 17:02 9.6 04:06 3.1 0.1 0.0 6.8 16.6 01:13 NNE 4 16.4 21.6 17:19 11.9 00:00 1.3 2.1 0.0 3.9 12.2 17:30 N 5 20.0 25.7 15:37 15.7 23:53 0.0 4.5 0.0 4.9 15.6 14:10 NNE 6 19.3 26.6 13:26 12.7 04:23 0.6 4.4 0.0 4.5 15.6 14:28 SE 7 19.0 25.3 15:46 11.8 03:57 0.8 4.4 0.0 3.6 13.8 17:16 WNW 8 19.3 26.8 15:29 13.1 04:33 0.3 4.1 0.9 3.1 11.2 15:02 NE 9 17.3 22.3 15:15 13.5 04:43 0.4 2.2 0.0 3.2 11.2 14:35 S 10 18.1 26.2 11:23 12.9 04:02 0.6 3.3 0.0 3.5 13.8 13:36 S 11 18.0 22.5 17:20 15.1 05:14 0.0 2.6 0.0 3.4 14.8 16:56 WSW 12 16.8 21.4 16:10 13.5 02:29 0.5 1.8 3.0 5.4 21.7 16:14 WSW 13 16.0 19.4 17:03 13.1 03:29 0.6 1.1 2.7 5.4 16.6 12:41 WSW 14 15.8 19.4 12:35 14.0 04:44 0.5 0.8 3.9 7.6 22.4 15:24 WSW 15 15.8 19.9 10:06 10.9 04:44 1.0 1.3 0.3 7.2 26.0 14:26 SW 16 16.3 22.6 14:43 12.7 03:46 0.9 1.6 8.1 3.4 20.9 15:15 NNW 17 15.6 20.4 15:29 12.9 23:58 0.8 0.9 4.2 3.7 14.8 15:31 NNW 18 16.1 20.0 15:51 12.0 04:34 1.0 1.6 0.0 4.4 13.0 14:23 NW 19 14.7 18.9 13:26 9.4 04:59 1.5 0.8 3.9 6.4 19.1 21:03 SW 20 17.6 22.3 17:51 14.9 04:52 0.2 2.3 15.3 8.3 19.9 00:05 WSW 21 17.7 21.8 15:31 14.6 05:26 0.2 2.4 0.0 5.8 17.3 17:12 WSW 22 18.1 22.1 16:27 14.7 02:56 0.1 2.7 0.9 5.2 19.9 13:58 SSW 23 18.3 22.5 11:26 12.4 23:57 0.2 3.0 6.6 3.2 12.2 17:23 NW 24 16.3 21.7 10:52 10.3 04:33 1.4 2.2 0.0 7.1 24.2 13:13 SW 25 15.7 21.0 10:57 10.4 04:22 1.4 1.6 0.6 5.8 21.7 15:16 WNW 26 15.5 20.2 09:23 11.0 04:29 1.1 1.2 2.4 6.2 22.4 09:51 W 27 17.8 22.5 12:18 13.8 23:57 0.1 2.4 0.9 7.8 26.0 14:09 WNW 28 15.0 21.0 11:32 10.0 04:38 1.6 1.1 5.1 8.2 29.6 22:41 SW 29 14.1 16.2 17:07 11.7 02:13 1.4 0.0 2.7 10.1 25.2 13:24 SW 30 16.8 21.0 12:38 13.0 05:35 0.5 1.9 0.9 8.8 26.8 17:39 SW ---------------------------------------------------------------------------------- 16.6 26.8 8 9.4 19 26.7 58.6 62.7 6.1 29.6 28 W Max >= 27.0: 0 Max <= 0.0: 0 Min <= 0.0: 0 Min <= -18.0: 0 Max Rain: 15.3 on day 20 Days of Rain: 18 (>= 0.2 mm) 11 (>= 2.0 mm) 0 (>= 20.0 mm) Heat Base: 15.5 Cool Base: 15.5 Method: Integration