NOAA-Style Climate Reports
Select a Year or Month report
2024: Jan Feb Mar Apr May Jun Jul Aug Sep Oct Nov Dec
2023: Jan Feb Mar Apr May Jun Jul Aug Sep Oct Nov Dec
2022: Jan Feb Mar Apr May Jun Jul Aug Sep Oct Nov Dec
2021: Jan Feb Mar Apr May Jun Jul Aug Sep Oct Nov Dec
2020: Jan Feb Mar Apr May Jun Jul Aug Sep Oct Nov Dec
2019: Jan Feb Mar Apr May Jun Jul Aug Sep Oct Nov Dec
2018: Jan Feb Mar Apr May Jun Jul Aug Sep Oct Nov Dec
2017: Jan Feb Mar Apr May Jun Jul Aug Sep Oct Nov Dec
2016: Jan Feb Mar Apr May Jun Jul Aug Sep Oct Nov Dec
2015: Jan Feb Mar Apr May Jun Jul Aug Sep Oct Nov Dec
2014: Jan Feb Mar Apr May Jun Jul Aug Sep Oct Nov Dec
2013: Jan Feb Mar Apr May Jun Jul Aug Sep Oct Nov Dec
2012: Jan Feb Mar Apr May Jun Jul Aug Sep Oct Nov Dec
2024: Jan Feb Mar Apr May Jun Jul Aug Sep Oct Nov Dec
2023: Jan Feb Mar Apr May Jun Jul Aug Sep Oct Nov Dec
2022: Jan Feb Mar Apr May Jun Jul Aug Sep Oct Nov Dec
2021: Jan Feb Mar Apr May Jun Jul Aug Sep Oct Nov Dec
2020: Jan Feb Mar Apr May Jun Jul Aug Sep Oct Nov Dec
2019: Jan Feb Mar Apr May Jun Jul Aug Sep Oct Nov Dec
2018: Jan Feb Mar Apr May Jun Jul Aug Sep Oct Nov Dec
2017: Jan Feb Mar Apr May Jun Jul Aug Sep Oct Nov Dec
2016: Jan Feb Mar Apr May Jun Jul Aug Sep Oct Nov Dec
2015: Jan Feb Mar Apr May Jun Jul Aug Sep Oct Nov Dec
2014: Jan Feb Mar Apr May Jun Jul Aug Sep Oct Nov Dec
2013: Jan Feb Mar Apr May Jun Jul Aug Sep Oct Nov Dec
2012: Jan Feb Mar Apr May Jun Jul Aug Sep Oct Nov Dec
Report for 2016 April
Monthly Climatological Summary for Apr 2016 Name: Fordingbridge Weather City: Fordingbridge State: Hampshire Elevation: 31 m Lat: N 50° 55' 53" Lon: W 001° 47' 21" Temperature (°C), Rain (mm), Wind Speed (mph) Heat Cool Avg Mean Deg Deg Wind Dom Day Temp High Time Low Time Days Days Rain Speed High Time Dir ---------------------------------------------------------------------------------- 1 7.5 14.4 12:15 0.2 05:51 8.0 0.0 0.0 7.1 25.2 13:20 SSW 2 10.8 14.8 10:56 7.8 21:29 4.7 0.0 0.3 9.2 23.5 11:51 S 3 11.0 15.5 15:05 6.6 06:55 4.5 0.0 1.5 5.6 19.9 11:37 SSE 4 10.2 12.3 14:36 7.8 07:08 5.3 0.0 1.5 6.7 22.4 13:56 S 5 10.0 15.7 12:27 4.5 06:51 5.5 0.0 1.2 4.9 18.1 16:12 W 6 8.8 12.7 11:42 4.7 01:56 6.7 0.0 0.6 11.5 37.2 12:47 W 7 8.4 12.3 17:27 5.2 04:47 7.1 0.0 0.3 12.0 31.1 15:46 WNW 8 9.6 15.3 14:35 4.2 06:08 5.9 0.0 0.0 6.3 19.1 18:44 W 9 8.0 13.1 10:19 2.6 23:43 7.5 0.0 3.9 6.9 22.4 15:28 SW 10 7.7 12.8 13:53 0.7 03:21 7.8 0.0 5.7 11.9 34.7 14:55 SE 11 10.2 13.7 15:18 7.0 23:54 5.3 0.0 8.1 3.7 25.2 00:05 NNE 12 10.5 16.5 12:25 5.7 06:12 5.1 0.0 0.3 4.4 16.6 12:46 S 13 10.9 19.5 12:06 4.0 05:34 5.0 0.4 0.0 3.8 15.6 15:49 S 14 11.5 17.4 10:10 7.5 05:44 4.1 0.1 2.1 5.5 23.5 15:15 S 15 10.3 13.2 15:26 7.7 23:54 5.2 0.0 9.0 5.6 21.7 18:05 NW 16 7.0 10.2 16:44 2.9 23:57 8.5 0.0 0.0 6.6 19.1 11:31 NNW 17 7.0 13.2 17:04 -0.6 06:06 8.5 0.0 0.3 4.1 13.8 11:23 NNW 18 7.9 14.8 10:56 1.5 04:56 7.6 0.0 0.0 6.1 18.1 13:04 W 19 11.3 16.1 14:41 6.3 05:49 4.3 0.0 0.0 3.8 15.6 16:41 NNE 20 11.0 17.8 16:07 3.9 05:24 4.8 0.4 0.0 9.3 26.8 14:37 NNE 21 12.5 20.0 15:19 6.9 05:59 3.6 0.6 0.0 9.8 21.7 10:00 NNE 22 9.4 11.5 00:00 7.4 23:57 6.1 0.0 7.2 7.0 19.1 23:38 NNE 23 8.3 12.2 15:05 4.3 06:39 7.2 0.0 0.3 7.8 25.2 15:09 NNE 24 9.2 13.2 16:56 5.1 00:39 6.3 0.0 0.0 8.2 25.2 08:56 NNW 25 9.3 13.9 17:07 5.6 03:28 6.2 0.0 1.2 10.0 26.0 11:33 WNW 26 6.6 11.2 15:09 2.4 05:28 8.9 0.0 0.0 9.8 34.7 13:18 NW 27 5.8 13.1 14:36 0.2 05:35 9.7 0.0 2.1 4.6 20.9 16:53 WNW 28 6.9 13.8 12:18 -1.1 05:43 8.6 0.0 0.3 8.3 28.6 17:18 WSW 29 8.5 12.8 12:24 3.8 23:57 7.0 0.0 0.6 9.4 31.1 12:36 W 30 7.0 14.4 12:12 -0.1 05:45 8.5 0.0 2.4 5.0 22.4 14:10 NNW ---------------------------------------------------------------------------------- 9.1 20.0 21 -1.1 28 193.5 1.5 48.9 7.2 37.2 6 WNW Max >= 27.0: 0 Max <= 0.0: 0 Min <= 0.0: 3 Min <= -18.0: 0 Max Rain: 9.0 on day 15 Days of Rain: 20 (>= 0.2 mm) 8 (>= 2.0 mm) 0 (>= 20.0 mm) Heat Base: 15.5 Cool Base: 15.5 Method: Integration