NOAA-Style Climate Reports
Select a Year or Month report
2024: Jan Feb Mar Apr May Jun Jul Aug Sep Oct Nov Dec
2023: Jan Feb Mar Apr May Jun Jul Aug Sep Oct Nov Dec
2022: Jan Feb Mar Apr May Jun Jul Aug Sep Oct Nov Dec
2021: Jan Feb Mar Apr May Jun Jul Aug Sep Oct Nov Dec
2020: Jan Feb Mar Apr May Jun Jul Aug Sep Oct Nov Dec
2019: Jan Feb Mar Apr May Jun Jul Aug Sep Oct Nov Dec
2018: Jan Feb Mar Apr May Jun Jul Aug Sep Oct Nov Dec
2017: Jan Feb Mar Apr May Jun Jul Aug Sep Oct Nov Dec
2016: Jan Feb Mar Apr May Jun Jul Aug Sep Oct Nov Dec
2015: Jan Feb Mar Apr May Jun Jul Aug Sep Oct Nov Dec
2014: Jan Feb Mar Apr May Jun Jul Aug Sep Oct Nov Dec
2013: Jan Feb Mar Apr May Jun Jul Aug Sep Oct Nov Dec
2012: Jan Feb Mar Apr May Jun Jul Aug Sep Oct Nov Dec
2024: Jan Feb Mar Apr May Jun Jul Aug Sep Oct Nov Dec
2023: Jan Feb Mar Apr May Jun Jul Aug Sep Oct Nov Dec
2022: Jan Feb Mar Apr May Jun Jul Aug Sep Oct Nov Dec
2021: Jan Feb Mar Apr May Jun Jul Aug Sep Oct Nov Dec
2020: Jan Feb Mar Apr May Jun Jul Aug Sep Oct Nov Dec
2019: Jan Feb Mar Apr May Jun Jul Aug Sep Oct Nov Dec
2018: Jan Feb Mar Apr May Jun Jul Aug Sep Oct Nov Dec
2017: Jan Feb Mar Apr May Jun Jul Aug Sep Oct Nov Dec
2016: Jan Feb Mar Apr May Jun Jul Aug Sep Oct Nov Dec
2015: Jan Feb Mar Apr May Jun Jul Aug Sep Oct Nov Dec
2014: Jan Feb Mar Apr May Jun Jul Aug Sep Oct Nov Dec
2013: Jan Feb Mar Apr May Jun Jul Aug Sep Oct Nov Dec
2012: Jan Feb Mar Apr May Jun Jul Aug Sep Oct Nov Dec
Report for 2015 May
Monthly Climatological Summary for May 2015 Name: Fordingbridge Weather City: Fordingbridge State: Hampshire Elevation: 31 m Lat: N 50° 55' 53" Lon: W 001° 47' 21" Temperature (°C), Rain (mm), Wind Speed (mph) Heat Cool Avg Mean Deg Deg Wind Dom Day Temp High Time Low Time Days Days Rain Speed High Time Dir ---------------------------------------------------------------------------------- 1 9.5 13.7 13:34 6.7 00:11 6.0 0.0 0.0 8.2 24.2 09:17 NNE 2 10.6 14.1 13:38 7.7 04:29 4.9 0.0 1.2 8.6 22.4 14:04 SSE 3 14.0 18.9 12:07 11.4 00:00 2.0 0.4 8.4 14.5 35.4 16:02 SW 4 13.5 17.9 11:38 9.6 06:20 2.3 0.3 5.7 8.5 25.2 23:33 SSW 5 13.2 15.0 11:28 10.9 23:58 2.3 0.0 2.1 21.1 45.9 14:17 SW 6 11.7 14.3 14:57 8.3 04:56 3.8 0.0 3.9 18.0 38.3 13:52 WSW 7 12.5 17.2 12:24 8.0 06:25 3.3 0.2 0.0 7.4 22.4 14:21 WSW 8 12.6 18.0 13:56 9.0 01:42 3.2 0.3 0.6 7.1 26.0 22:04 S 9 13.9 18.5 16:25 10.5 04:54 2.2 0.6 0.9 11.0 26.0 01:44 WSW 10 13.9 16.9 11:43 11.0 00:00 1.9 0.2 0.0 7.9 21.7 13:17 SSW 11 14.9 20.2 15:07 9.2 05:07 1.9 1.3 0.0 7.6 22.4 10:35 SW 12 13.5 18.1 10:45 7.3 23:57 2.6 0.7 0.0 7.0 21.7 11:23 W 13 12.7 20.5 10:31 2.6 05:23 4.3 1.5 0.0 3.5 19.1 15:47 SSW 14 10.7 13.1 14:59 8.2 01:07 4.8 0.0 13.5 6.1 23.5 10:23 SE 15 11.9 15.7 15:07 8.1 06:19 3.6 0.0 0.3 6.3 16.6 16:15 NW 16 14.3 18.3 12:14 8.9 23:31 1.9 0.7 0.0 10.3 25.2 11:27 WNW 17 12.2 18.2 11:27 5.0 05:33 3.7 0.4 0.0 5.8 19.9 15:25 WSW 18 11.8 15.5 16:45 7.8 23:53 3.7 0.0 1.8 13.0 34.7 09:25 WSW 19 10.6 15.6 15:21 6.0 23:52 4.9 0.0 2.7 11.2 31.1 16:31 W 20 10.7 16.2 14:38 3.3 04:28 4.8 0.0 0.3 7.7 22.4 14:18 WNW 21 13.8 20.5 16:11 5.2 04:10 3.4 1.7 0.0 6.2 20.9 17:55 W 22 13.4 19.8 15:13 6.6 04:56 3.0 0.9 1.5 3.3 11.2 19:25 WSW 23 17.6 22.2 16:50 13.6 02:15 0.6 2.7 0.3 6.2 19.1 07:54 N 24 15.3 19.6 12:56 9.9 05:32 1.4 1.2 0.0 4.8 13.8 15:15 W 25 14.6 18.7 10:18 8.5 04:56 1.7 0.8 0.0 4.9 13.8 09:34 NNW 26 14.5 19.5 14:58 9.1 03:36 2.0 1.1 0.0 5.2 19.1 14:45 NNW 27 14.1 20.1 11:44 6.5 05:17 2.6 1.2 0.0 5.9 19.9 14:39 WSW 28 14.3 18.1 15:18 10.0 23:45 1.7 0.5 0.0 10.1 26.0 13:19 WNW 29 11.7 15.9 17:08 8.7 23:53 3.8 0.0 15.0 9.7 31.1 10:47 W 30 12.5 18.8 14:57 5.0 04:44 3.4 0.4 0.0 7.4 21.7 15:29 WSW 31 13.3 16.2 14:34 8.7 23:53 2.3 0.0 10.8 11.8 29.6 17:18 WSW ---------------------------------------------------------------------------------- 13.0 22.2 23 2.6 13 94.0 17.1 69.0 8.6 45.9 5 WSW Max >= 27.0: 0 Max <= 0.0: 0 Min <= 0.0: 0 Min <= -18.0: 0 Max Rain: 15.0 on day 29 Days of Rain: 16 (>= 0.2 mm) 8 (>= 2.0 mm) 0 (>= 20.0 mm) Heat Base: 15.5 Cool Base: 15.5 Method: Integration