NOAA-Style Climate Reports
Select a Year or Month report
2024: Jan Feb Mar Apr May Jun Jul Aug Sep Oct Nov Dec
2023: Jan Feb Mar Apr May Jun Jul Aug Sep Oct Nov Dec
2022: Jan Feb Mar Apr May Jun Jul Aug Sep Oct Nov Dec
2021: Jan Feb Mar Apr May Jun Jul Aug Sep Oct Nov Dec
2020: Jan Feb Mar Apr May Jun Jul Aug Sep Oct Nov Dec
2019: Jan Feb Mar Apr May Jun Jul Aug Sep Oct Nov Dec
2018: Jan Feb Mar Apr May Jun Jul Aug Sep Oct Nov Dec
2017: Jan Feb Mar Apr May Jun Jul Aug Sep Oct Nov Dec
2016: Jan Feb Mar Apr May Jun Jul Aug Sep Oct Nov Dec
2015: Jan Feb Mar Apr May Jun Jul Aug Sep Oct Nov Dec
2014: Jan Feb Mar Apr May Jun Jul Aug Sep Oct Nov Dec
2013: Jan Feb Mar Apr May Jun Jul Aug Sep Oct Nov Dec
2012: Jan Feb Mar Apr May Jun Jul Aug Sep Oct Nov Dec
2024: Jan Feb Mar Apr May Jun Jul Aug Sep Oct Nov Dec
2023: Jan Feb Mar Apr May Jun Jul Aug Sep Oct Nov Dec
2022: Jan Feb Mar Apr May Jun Jul Aug Sep Oct Nov Dec
2021: Jan Feb Mar Apr May Jun Jul Aug Sep Oct Nov Dec
2020: Jan Feb Mar Apr May Jun Jul Aug Sep Oct Nov Dec
2019: Jan Feb Mar Apr May Jun Jul Aug Sep Oct Nov Dec
2018: Jan Feb Mar Apr May Jun Jul Aug Sep Oct Nov Dec
2017: Jan Feb Mar Apr May Jun Jul Aug Sep Oct Nov Dec
2016: Jan Feb Mar Apr May Jun Jul Aug Sep Oct Nov Dec
2015: Jan Feb Mar Apr May Jun Jul Aug Sep Oct Nov Dec
2014: Jan Feb Mar Apr May Jun Jul Aug Sep Oct Nov Dec
2013: Jan Feb Mar Apr May Jun Jul Aug Sep Oct Nov Dec
2012: Jan Feb Mar Apr May Jun Jul Aug Sep Oct Nov Dec
Report for 2024 April
Monthly Climatological Summary for Apr 2024 Name: Fordingbridge Weather City: Fordingbridge State: Hampshire Elevation: 31 m Lat: N 50° 55' 53" Lon: W 001° 47' 21" Temperature (°C), Rain (mm), Wind Speed (mph) Heat Cool Avg Mean Deg Deg Wind Dom Day Temp High Time Low Time Days Days Rain Speed High Time Dir ---------------------------------------------------------------------------------- 1 9.5 14.5 16:34 3.8 05:46 6.0 0.0 1.0 3.5 20.5 14:48 SSW 2 10.1 13.8 11:50 7.6 07:27 5.4 0.0 13.4 5.9 26.2 20:37 SW 3 11.2 13.8 16:00 9.8 07:08 4.3 0.0 2.0 7.1 28.5 13:27 WSW 4 12.1 14.4 11:54 9.1 05:55 3.4 0.0 8.4 7.3 29.6 14:07 WSW 5 13.1 15.4 14:48 11.6 05:17 2.4 0.0 4.4 8.2 29.6 11:49 SW 6 14.9 17.3 12:21 12.1 23:19 0.9 0.3 0.0 9.5 35.3 12:17 SSW 7 13.0 15.4 16:45 11.5 05:07 2.5 0.0 0.0 10.8 37.6 13:29 SW 8 11.9 16.3 11:39 9.1 23:50 3.6 0.0 3.4 5.8 33.1 22:38 S 9 9.6 12.7 14:45 6.8 06:25 5.9 0.0 1.2 10.3 42.2 12:59 W 10 9.5 13.3 10:57 3.8 05:27 6.0 0.0 3.0 5.3 29.6 11:50 SW 11 13.7 18.8 14:58 11.1 23:29 2.2 0.4 0.0 4.7 20.5 02:53 SW 12 13.6 19.6 14:50 8.3 04:36 2.6 0.8 0.0 4.9 27.4 15:18 SW 13 13.9 18.4 14:18 10.4 23:56 2.1 0.5 0.0 4.7 20.5 13:54 WSW 14 10.2 13.8 11:36 6.9 05:57 5.3 0.0 0.0 3.0 14.8 17:55 W 15 9.2 12.4 13:27 6.4 19:50 6.3 0.0 1.6 9.3 38.8 19:24 W 16 10.2 14.9 14:24 5.7 22:53 5.3 0.0 0.0 5.9 27.4 01:33 NW 17 8.1 12.9 14:35 2.6 04:32 7.4 0.0 0.0 3.8 19.4 14:16 NW 18 8.9 14.9 14:21 3.1 06:30 6.6 0.0 0.0 3.9 20.5 16:38 WNW ---------------------------------------------------------------------------------- 11.3 19.6 12 2.6 17 78.2 2.0 38.4 6.3 42.2 9 WSW Max >= 27.0: 0 Max <= 0.0: 0 Min <= 0.0: 0 Min <= -18.0: 0 Max Rain: 13.4 on day 2 Days of Rain: 9 (>= 0.2 mm) 6 (>= 2.0 mm) 0 (>= 20.0 mm) Heat Base: 15.5 Cool Base: 15.5 Method: Integration