NOAA-Style Climate Reports


Report for 2019 October
                   Monthly Climatological Summary for Oct 2019

Name: Fordingbridge Weather   City: Fordingbridge   State: Hampshire
Elevation: 31 m  Lat: N 50° 55' 53"   Lon: W 001° 47' 21"

                  Temperature (°C), Rain (mm), Wind Speed (mph)

                                      Heat  Cool        Avg
    Mean                              Deg   Deg         Wind                 Dom
Day Temp  High   Time   Low    Time   Days  Days  Rain  Speed High   Time    Dir
----------------------------------------------------------------------------------
 1  15.5  18.9   15:08  11.4   23:51   0.6   0.7   3.2   4.5  20.5   21:14   WSW
 2   9.6  14.9   15:10   4.1   23:59   5.9   0.0   0.0   2.6  14.8   13:34   NNW
 3   9.8  15.4   13:39   2.9   03:02   5.7   0.0   6.4   3.2  23.9   14:30     S
 4  13.4  16.4   12:10  10.6   07:10   2.1   0.1   0.4   3.9  22.8   11:16   WSW
 5  13.1  17.8   14:18   9.8   05:05   2.6   0.2   3.0   1.5   9.1   19:51   ESE
 6  13.9  17.2   15:26   8.4   23:59   1.9   0.2   3.6   5.0  25.1   11:19     W
 7  12.1  15.7   18:34   7.6   01:46   3.4   0.0   5.0   2.3  18.2   12:13   SSW
 8  13.1  17.1   14:18   9.6   07:41   2.5   0.1   1.4   4.0  27.4   14:43    SW
 9  11.6  15.4   14:10   9.1   23:54   3.9   0.0   2.2   4.2  23.9   13:03   WSW
10  12.7  16.6   13:17   7.2   03:53   2.9   0.1   0.2   5.6  28.5   23:51    SW
11  14.9  16.4   14:27  11.4   23:47   0.8   0.2  11.8   7.9  34.2   13:15    SW
12  11.7  13.7   14:06  10.6   05:18   3.8   0.0  20.2   0.8   8.0   12:27     S
13  12.9  16.2   17:21   8.3   23:59   2.7   0.0   8.2   3.8  29.6   09:35    SW
14  10.8  11.9   12:02   8.3   00:00   4.7   0.0  13.0   2.5  13.7   09:39   NNE
15  12.0  16.8   14:40   9.2   22:29   3.6   0.1   0.0   1.4  13.7   16:58    SW
16  13.2  16.1   16:15   8.9   23:59   2.3   0.0   8.2   3.1  20.5   07:23    SW
----------------------------------------------------------------------------------
    12.5  18.9     1     2.9     3    49.4   1.7  86.8   3.5  34.2    11     WSW

Max >=  27.0:  0
Max <=   0.0:  0
Min <=   0.0:  0
Min <= -18.0:  0
Max Rain: 20.2 on day 12
Days of Rain: 14 (>= 0.2 mm)  11 (>= 2.0 mm)  1 (>= 20.0 mm)
Heat Base: 15.5  Cool Base: 15.5  Method: Integration