NOAA-Style Climate Reports

Select a Year or Month report
2018: Jan Feb Mar Apr May Jun Jul Aug Sep Oct Nov Dec
2017: Jan Feb Mar Apr May Jun Jul Aug Sep Oct Nov Dec
2016: Jan Feb Mar Apr May Jun Jul Aug Sep Oct Nov Dec
2015: Jan Feb Mar Apr May Jun Jul Aug Sep Oct Nov Dec
2014: Jan Feb Mar Apr May Jun Jul Aug Sep Oct Nov Dec
2013: Jan Feb Mar Apr May Jun Jul Aug Sep Oct Nov Dec
2012: Jan Feb Mar Apr May Jun Jul Aug Sep Oct Nov Dec

Report for 2018 August
                   Monthly Climatological Summary for Aug 2018

Name: Fordingbridge Weather   City: Fordingbridge   State: Hampshire
Elevation: 31 m  Lat: N 50° 55' 53"   Lon: W 001° 47' 21"

                  Temperature (°C), Rain (mm), Wind Speed (mph)

                                      Heat  Cool        Avg
    Mean                              Deg   Deg         Wind                 Dom
Day Temp  High   Time   Low    Time   Days  Days  Rain  Speed High   Time    Dir
----------------------------------------------------------------------------------
 1  17.4  24.1   15:53  10.4   05:20   1.3   3.2   0.0   2.5  17.1   15:41    SW
 2  20.8  29.4   16:33  13.1   02:14   0.5   5.9   0.0   2.4  13.7   15:58   SSW
 3  22.6  31.3   15:43  14.8   05:39   0.0   7.2   0.0   1.9  13.7   18:29   NNW
 4  22.6  28.9   16:55  17.2   05:20   0.0   7.0   0.0   4.0  14.8   08:33     N
 5  21.4  28.3   17:09  13.2   05:43   0.3   6.1   0.0   2.1  14.8   14:26     S
 6  21.2  30.8   16:31  11.2   05:29   0.8   6.5   0.0   1.8  13.7   15:24   SSW
 7  19.8  27.2   15:44  13.2   05:35   0.3   4.6   0.0   2.6  16.0   13:17   WNW
 8  16.9  22.6   16:15  10.6   05:55   1.0   2.4   0.0   3.8  22.8   12:58    SW
 9  16.8  22.2   17:38  11.9   23:50   0.6   1.9   0.0   2.5  19.4   17:21   WNW
10  14.3  19.7   12:53   8.3   06:01   2.1   0.9  12.4   3.5  25.1   11:47   WSW
11  14.4  19.3   11:49   6.0   06:08   2.5   1.3   0.4   2.4  14.8   12:31     S
12  16.6  18.1   15:05  15.2   23:42   0.0   1.1   5.8   3.1  19.4   12:00     S
13  18.5  23.6   17:39  14.9   06:00   0.1   3.1   0.4   3.3  17.1   12:57     W
14  18.6  24.1   13:14  12.2   04:14   0.5   3.6   0.0   2.8  14.8   15:20     W
15  19.3  22.4   17:55  16.9   00:05   0.0   3.8   0.0   5.3  22.8   18:24    SW
----------------------------------------------------------------------------------
    18.7  31.3     3     6.0    11    10.0  58.6  19.0   2.9  25.1    10     WSW

Max >=  27.0:  6
Max <=   0.0:  0
Min <=   0.0:  0
Min <= -18.0:  0
Max Rain: 12.4 on day 10
Days of Rain: 4 (>= 0.2 mm)  2 (>= 2.0 mm)  0 (>= 20.0 mm)
Heat Base: 15.5  Cool Base: 15.5  Method: Integration