NOAA-Style Climate Reports


Report for 2019 December
                   Monthly Climatological Summary for Dec 2019

Name: Fordingbridge Weather   City: Fordingbridge   State: Hampshire
Elevation: 31 m  Lat: N 50° 55' 53"   Lon: W 001° 47' 21"

                  Temperature (°C), Rain (mm), Wind Speed (mph)

                                      Heat  Cool        Avg
    Mean                              Deg   Deg         Wind                 Dom
Day Temp  High   Time   Low    Time   Days  Days  Rain  Speed High   Time    Dir
----------------------------------------------------------------------------------
 1   3.9   7.4   13:09   0.5   23:44  11.6   0.0   0.2   4.8  21.7   12:28   NNE
 2   0.8   6.3   13:36  -2.7   04:16  14.7   0.0   0.0   1.0   8.0   10:56     N
 3   3.0   9.2   13:03  -0.6   05:36  12.5   0.0   0.2   0.4   9.1   12:47     S
 4   1.3   7.2   13:14  -2.7   23:44  14.2   0.0   0.0   0.4   8.0   12:20   NNE
 5   3.8  10.6   21:37  -3.1   01:40  11.7   0.0   0.2   3.2  25.1   22:42    SW
 6  11.2  13.0   13:19   7.8   23:59   4.3   0.0   3.0   7.5  29.6   13:55   WSW
 7   9.5  11.3   12:32   7.2   00:32   6.0   0.0   0.0   4.7  30.8   23:24    SW
 8   9.2  12.4   03:59   6.1   19:12   6.3   0.0   8.0   8.7  39.9   23:39   WSW
 9   6.8   9.9   11:15  -1.0   23:46   8.7   0.0   1.2   6.6  33.1   00:29   WNW
10   7.0  12.4   18:43  -1.4   00:53   8.5   0.0   9.4   6.7  37.6   16:15    SW
11   3.5   6.9   13:55  -0.1   08:19  12.0   0.0   1.6   1.7  17.1   12:17    SW
12   6.3   9.9   10:49  -0.7   03:14   9.2   0.0  16.0   4.5  26.2   23:04   SSW
----------------------------------------------------------------------------------
     5.5  13.0     6    -3.1     5   119.7   0.0  39.8   4.2  39.9     8     WSW

Max >=  27.0:  0
Max <=   0.0:  0
Min <=   0.0:  8
Min <= -18.0:  0
Max Rain: 16.0 on day 12
Days of Rain: 9 (>= 0.2 mm)  4 (>= 2.0 mm)  0 (>= 20.0 mm)
Heat Base: 15.5  Cool Base: 15.5  Method: Integration