NOAA-Style Climate Reports


Report for 2020 May
                   Monthly Climatological Summary for May 2020

Name: Fordingbridge Weather   City: Fordingbridge   State: Hampshire
Elevation: 31 m  Lat: N 50° 55' 53"   Lon: W 001° 47' 21"

                  Temperature (°C), Rain (mm), Wind Speed (mph)

                                      Heat  Cool        Avg
    Mean                              Deg   Deg         Wind                 Dom
Day Temp  High   Time   Low    Time   Days  Days  Rain  Speed High   Time    Dir
----------------------------------------------------------------------------------
 1  11.1  15.4   14:44   6.4   23:54   4.4   0.0   0.2   5.5  25.1   11:48     W
 2  11.2  17.3   16:34   5.1   05:51   4.5   0.2   0.0   2.5  14.8   10:33     W
 3  11.3  15.6   15:17   8.1   00:52   4.2   0.0   0.4   1.3  10.3   11:13    SE
 4  13.6  18.3   14:34   9.7   23:53   2.3   0.5   0.0   4.1  20.5   22:33   ENE
 5  11.2  15.7   15:55   7.3   23:49   4.3   0.0   0.0   5.7  25.1   08:14   ENE
 6  12.3  21.4   17:37   3.9   05:39   4.5   1.3   0.0   2.4  14.8   14:11   ENE
 7  13.7  22.2   14:05   4.3   04:44   3.9   2.1   0.0   2.2  13.7   14:15     S
 8  15.7  24.6   16:22   7.2   05:35   2.6   2.9   0.0   1.4  11.4   13:32     S
 9  16.7  25.8   16:07   7.4   04:53   2.5   3.6   0.0   1.9  13.7   10:33   ENE
10  12.0  19.6   10:07   6.6   23:58   4.1   0.6   0.0   7.0  37.6   19:22   NNE
11   8.2  12.9   15:20   3.8   04:51   7.3   0.0   0.0   9.3  30.8   08:17    NE
12   8.5  16.1   17:22  -0.2   05:26   7.0   0.0   0.0   1.9  13.7   10:16   NNE
13   8.9  13.2   16:55   3.2   05:29   6.6   0.0   0.0   5.0  26.2   16:08    NE
14   8.4  14.9   16:54   0.6   05:38   7.1   0.0   0.0   4.3  19.4   09:12    NE
15  10.5  18.3   17:21   0.3   05:06   5.6   0.6   0.0   2.1  13.7   15:46     N
16  11.9  18.7   16:23   5.6   01:47   4.1   0.5   0.0   1.6  14.8   17:10    NW
17  13.1  19.5   17:42   5.3   05:26   3.3   0.9   0.0   2.3  16.0   18:13     W
18  14.4  20.9   15:40   7.0   06:10   2.6   1.5   0.0   3.0  18.2   12:35   WSW
19  15.8  23.7   16:42   8.2   03:10   2.1   2.5   0.0   2.0  12.5   10:25     W
20  16.7  25.3   13:19   7.1   05:40   2.3   3.5   0.0   1.9  16.0   14:32     S
21  17.2  27.3   16:27   8.0   03:26   2.0   3.7   0.0   1.8  14.8   18:31   WSW
22  15.8  19.5   14:08  12.1   23:45   0.6   0.9   0.0   7.8  28.5   13:58   WSW
23  13.9  17.9   15:02   9.9   05:38   2.0   0.4   1.6   6.7  27.4   15:42   WSW
24  15.0  20.7   16:37   9.3   23:53   2.0   1.6   0.0   4.7  21.7   09:58     W
25  16.0  25.1   14:54   5.5   05:02   3.0   3.4   0.0   1.9  16.0   15:44     S
----------------------------------------------------------------------------------
    12.9  27.3    21    -0.2    12    94.9  30.7   2.2   3.6  37.6    10     NNW

Max >=  27.0:  1
Max <=   0.0:  0
Min <=   0.0:  1
Min <= -18.0:  0
Max Rain: 1.6 on day 23
Days of Rain: 3 (>= 0.2 mm)  0 (>= 2.0 mm)  0 (>= 20.0 mm)
Heat Base: 15.5  Cool Base: 15.5  Method: Integration